{"id":15904,"date":"2022-03-29T11:14:58","date_gmt":"2022-03-29T09:14:58","guid":{"rendered":"https:\/\/funenergy.at\/?page_id=15904"},"modified":"2022-03-29T11:14:58","modified_gmt":"2022-03-29T09:14:58","slug":"was-ist-der-bikechef","status":"publish","type":"page","link":"https:\/\/funenergy.at\/?page_id=15904","title":{"rendered":"Was ist der BikeChef?"},"content":{"rendered":"\n<h2>Der BIKECHEF \u2013 Stecker mit App f\u00fcr dein E-Bike<\/h2>\n\n\n\n<figure class=\"wp-block-embed is-type-video is-provider-youtube wp-block-embed-youtube wp-embed-aspect-16-9 wp-has-aspect-ratio\"><div class=\"wp-block-embed__wrapper\">\n<iframe loading=\"lazy\" title=\"FunEnergy Bike Chef Vorstellung\" width=\"625\" height=\"352\" src=\"https:\/\/www.youtube.com\/embed\/JRGzXR5KJoU?feature=oembed\" frameborder=\"0\" allow=\"accelerometer; autoplay; clipboard-write; encrypted-media; gyroscope; picture-in-picture\" allowfullscreen><\/iframe>\n<\/div><\/figure>\n\n\n\n<p>Damit wird das smarte Laden deines E-Bikes zum Kinderspiel.<\/p>\n\n\n\n<p><strong>Vorteile<\/strong>:<\/p>\n\n\n\n<ul><li>Steuern und \u00fcberwachen des Ladezustandes per App von \u00dcberall<\/li><li>Stark verl\u00e4ngerte Lebensdauer deines Akkus.<\/li><li>Spart bares Geld da ein neuer Akku sehr teuer ist.<\/li><\/ul>\n\n\n\n<p><strong>Vor dem Biken:&nbsp;<\/strong><br>Laderegler auf der App nach rechts schieben und den Startbutton dr\u00fccken.<\/p>\n\n\n\n<p><strong>Nach dem Biken:<\/strong><br>Anstecken, den Knopf am Stecker dr\u00fccken -&gt; es wird automatisch beim Erreichen des in der App voreingestellten Ladezustandes die Ladung beendet.<\/p>\n\n\n\n<p><a href=\"https:\/\/funenergy.at\/?page_id=15830\">FAQ zum BikeChef<\/a><\/p>\n","protected":false},"excerpt":{"rendered":"<p>Der BIKECHEF \u2013 Stecker mit App f\u00fcr dein E-Bike Damit wird das smarte Laden deines E-Bikes zum Kinderspiel. Vorteile: Steuern und \u00fcberwachen des Ladezustandes per App von \u00dcberall Stark verl\u00e4ngerte Lebensdauer deines Akkus. Spart bares Geld da ein neuer Akku sehr teuer ist. Vor dem Biken:&nbsp;Laderegler auf der App nach rechts schieben und den Startbutton [&hellip;]<\/p>\n","protected":false},"author":11,"featured_media":0,"parent":0,"menu_order":0,"comment_status":"closed","ping_status":"closed","template":"","meta":[],"yoast_head":"<!-- This site is optimized with the Yoast SEO plugin v17.1 - https:\/\/yoast.com\/wordpress\/plugins\/seo\/ -->\n<meta name=\"robots\" content=\"index, follow, max-snippet:-1, max-image-preview:large, max-video-preview:-1\" \/>\n<link rel=\"canonical\" href=\"https:\/\/funenergy.at\/?page_id=15904\" \/>\n<meta property=\"og:locale\" content=\"de_DE\" \/>\n<meta property=\"og:type\" content=\"article\" \/>\n<meta property=\"og:title\" content=\"Was ist der BikeChef? - FunEnergy Innovations\" \/>\n<meta property=\"og:description\" content=\"Der BIKECHEF \u2013 Stecker mit App f\u00fcr dein E-Bike Damit wird das smarte Laden deines E-Bikes zum Kinderspiel. Vorteile: Steuern und \u00fcberwachen des Ladezustandes per App von \u00dcberall Stark verl\u00e4ngerte Lebensdauer deines Akkus. Spart bares Geld da ein neuer Akku sehr teuer ist. Vor dem Biken:&nbsp;Laderegler auf der App nach rechts schieben und den Startbutton [&hellip;]\" \/>\n<meta property=\"og:url\" content=\"https:\/\/funenergy.at\/?page_id=15904\" \/>\n<meta property=\"og:site_name\" content=\"FunEnergy Innovations\" \/>\n<meta name=\"twitter:card\" content=\"summary_large_image\" \/>\n<meta name=\"twitter:label1\" content=\"Gesch\u00e4tzte Lesezeit\" \/>\n\t<meta name=\"twitter:data1\" content=\"1\u00a0Minute\" \/>\n<script type=\"application\/ld+json\" class=\"yoast-schema-graph\">{\"@context\":\"https:\/\/schema.org\",\"@graph\":[{\"@type\":\"WebSite\",\"@id\":\"https:\/\/funenergy.at\/#website\",\"url\":\"https:\/\/funenergy.at\/\",\"name\":\"FunEnergy Innovations\",\"description\":\"\",\"potentialAction\":[{\"@type\":\"SearchAction\",\"target\":{\"@type\":\"EntryPoint\",\"urlTemplate\":\"https:\/\/funenergy.at\/?s={search_term_string}\"},\"query-input\":\"required name=search_term_string\"}],\"inLanguage\":\"de\"},{\"@type\":\"WebPage\",\"@id\":\"https:\/\/funenergy.at\/?page_id=15904#webpage\",\"url\":\"https:\/\/funenergy.at\/?page_id=15904\",\"name\":\"Was ist der BikeChef? - FunEnergy Innovations\",\"isPartOf\":{\"@id\":\"https:\/\/funenergy.at\/#website\"},\"datePublished\":\"2022-03-29T09:14:58+00:00\",\"dateModified\":\"2022-03-29T09:14:58+00:00\",\"breadcrumb\":{\"@id\":\"https:\/\/funenergy.at\/?page_id=15904#breadcrumb\"},\"inLanguage\":\"de\",\"potentialAction\":[{\"@type\":\"ReadAction\",\"target\":[\"https:\/\/funenergy.at\/?page_id=15904\"]}]},{\"@type\":\"BreadcrumbList\",\"@id\":\"https:\/\/funenergy.at\/?page_id=15904#breadcrumb\",\"itemListElement\":[{\"@type\":\"ListItem\",\"position\":1,\"name\":\"Startseite\",\"item\":\"https:\/\/funenergy.at\/\"},{\"@type\":\"ListItem\",\"position\":2,\"name\":\"Was ist der BikeChef?\"}]}]}<\/script>\n<!-- \/ Yoast SEO plugin. -->","yoast_head_json":{"robots":{"index":"index","follow":"follow","max-snippet":"max-snippet:-1","max-image-preview":"max-image-preview:large","max-video-preview":"max-video-preview:-1"},"canonical":"https:\/\/funenergy.at\/?page_id=15904","og_locale":"de_DE","og_type":"article","og_title":"Was ist der BikeChef? - FunEnergy Innovations","og_description":"Der BIKECHEF \u2013 Stecker mit App f\u00fcr dein E-Bike Damit wird das smarte Laden deines E-Bikes zum Kinderspiel. Vorteile: Steuern und \u00fcberwachen des Ladezustandes per App von \u00dcberall Stark verl\u00e4ngerte Lebensdauer deines Akkus. Spart bares Geld da ein neuer Akku sehr teuer ist. Vor dem Biken:&nbsp;Laderegler auf der App nach rechts schieben und den Startbutton [&hellip;]","og_url":"https:\/\/funenergy.at\/?page_id=15904","og_site_name":"FunEnergy Innovations","twitter_card":"summary_large_image","twitter_misc":{"Gesch\u00e4tzte Lesezeit":"1\u00a0Minute"},"schema":{"@context":"https:\/\/schema.org","@graph":[{"@type":"WebSite","@id":"https:\/\/funenergy.at\/#website","url":"https:\/\/funenergy.at\/","name":"FunEnergy Innovations","description":"","potentialAction":[{"@type":"SearchAction","target":{"@type":"EntryPoint","urlTemplate":"https:\/\/funenergy.at\/?s={search_term_string}"},"query-input":"required name=search_term_string"}],"inLanguage":"de"},{"@type":"WebPage","@id":"https:\/\/funenergy.at\/?page_id=15904#webpage","url":"https:\/\/funenergy.at\/?page_id=15904","name":"Was ist der BikeChef? - FunEnergy Innovations","isPartOf":{"@id":"https:\/\/funenergy.at\/#website"},"datePublished":"2022-03-29T09:14:58+00:00","dateModified":"2022-03-29T09:14:58+00:00","breadcrumb":{"@id":"https:\/\/funenergy.at\/?page_id=15904#breadcrumb"},"inLanguage":"de","potentialAction":[{"@type":"ReadAction","target":["https:\/\/funenergy.at\/?page_id=15904"]}]},{"@type":"BreadcrumbList","@id":"https:\/\/funenergy.at\/?page_id=15904#breadcrumb","itemListElement":[{"@type":"ListItem","position":1,"name":"Startseite","item":"https:\/\/funenergy.at\/"},{"@type":"ListItem","position":2,"name":"Was ist der BikeChef?"}]}]}},"_links":{"self":[{"href":"https:\/\/funenergy.at\/index.php?rest_route=\/wp\/v2\/pages\/15904"}],"collection":[{"href":"https:\/\/funenergy.at\/index.php?rest_route=\/wp\/v2\/pages"}],"about":[{"href":"https:\/\/funenergy.at\/index.php?rest_route=\/wp\/v2\/types\/page"}],"author":[{"embeddable":true,"href":"https:\/\/funenergy.at\/index.php?rest_route=\/wp\/v2\/users\/11"}],"replies":[{"embeddable":true,"href":"https:\/\/funenergy.at\/index.php?rest_route=%2Fwp%2Fv2%2Fcomments&post=15904"}],"version-history":[{"count":2,"href":"https:\/\/funenergy.at\/index.php?rest_route=\/wp\/v2\/pages\/15904\/revisions"}],"predecessor-version":[{"id":15907,"href":"https:\/\/funenergy.at\/index.php?rest_route=\/wp\/v2\/pages\/15904\/revisions\/15907"}],"wp:attachment":[{"href":"https:\/\/funenergy.at\/index.php?rest_route=%2Fwp%2Fv2%2Fmedia&parent=15904"}],"curies":[{"name":"wp","href":"https:\/\/api.w.org\/{rel}","templated":true}]}}