{"id":352,"date":"2015-05-27T13:25:36","date_gmt":"2015-05-27T11:25:36","guid":{"rendered":"http:\/\/funenergy.at\/?page_id=352"},"modified":"2015-05-27T13:57:55","modified_gmt":"2015-05-27T11:57:55","slug":"akkuplatten","status":"publish","type":"page","link":"https:\/\/funenergy.at\/?page_id=352","title":{"rendered":"Akkuplatten"},"content":{"rendered":"<p><strong>Neu ab Mai. 2015 <\/strong><\/p>\n<p>Funenergy <strong>Akkuplatten<\/strong> sind\u00a0eine v\u00f6llig neue Art Hochleistungsakkus herzustellen. Die einzelnen Zellen werden dabei weder wie \u00fcblich geschwei\u00dft noch verl\u00f6tet. Die Hochstrom f\u00e4hige Verbindung erfolgt \u00fcber leichte und stabile Kunststoffplatten auf denen flexible Kupfer Gewebeb\u00e4nder mittel elastischen doppelseitiger Klebeb\u00e4nder plaziert werden. Durch die Verschraubung der Platten werden die Einzelzellen fest und niederohmig miteinander zu einem beliebig gro\u00dfen Akku verbunden. Die Positionierung der Zellen wird durch zwei Gitterplatten je Zell-Lage sichergestellt. Durch das L\u00f6sen der Verschraubungen ist es m\u00f6glich den Akku wieder zu zerlegen, einzelne Zellen auszutauschen oder z.B. \u00a0auch alle Zellen durch andere zu ersetzen. Damit ist die Investition in teuere Akkuzellen wesentlich besser gesch\u00fctzt als es z.B. bei punktgeschwei\u00dften Akkupacks der Fall ist.<\/p>\n<p><a href=\"http:\/\/funenergy.at\/wp-content\/uploads\/2015\/05\/QuantyaAkku07.jpg\"><img loading=\"lazy\" class=\"alignnone size-medium wp-image-388\" src=\"http:\/\/funenergy.at\/wp-content\/uploads\/2015\/05\/QuantyaAkku07-300x169.jpg\" alt=\"QuantyaAkku07\" width=\"300\" height=\"169\" srcset=\"https:\/\/funenergy.at\/wp-content\/uploads\/2015\/05\/QuantyaAkku07-300x169.jpg 300w, https:\/\/funenergy.at\/wp-content\/uploads\/2015\/05\/QuantyaAkku07.jpg 1024w, https:\/\/funenergy.at\/wp-content\/uploads\/2015\/05\/QuantyaAkku07-624x351.jpg 624w, https:\/\/funenergy.at\/wp-content\/uploads\/2015\/05\/QuantyaAkku07-64x36.jpg 64w, https:\/\/funenergy.at\/wp-content\/uploads\/2015\/05\/QuantyaAkku07-267x150.jpg 267w, https:\/\/funenergy.at\/wp-content\/uploads\/2015\/05\/QuantyaAkku07-32x18.jpg 32w\" sizes=\"(max-width: 300px) 100vw, 300px\" \/><\/a><a href=\"http:\/\/funenergy.at\/wp-content\/uploads\/2015\/05\/QuantyaAkku13.jpg\"><img loading=\"lazy\" class=\"alignnone size-medium wp-image-376\" src=\"http:\/\/funenergy.at\/wp-content\/uploads\/2015\/05\/QuantyaAkku13-300x169.jpg\" alt=\"Quantya Akku in Ausbau\" width=\"300\" height=\"169\" srcset=\"https:\/\/funenergy.at\/wp-content\/uploads\/2015\/05\/QuantyaAkku13-300x169.jpg 300w, https:\/\/funenergy.at\/wp-content\/uploads\/2015\/05\/QuantyaAkku13.jpg 1024w, https:\/\/funenergy.at\/wp-content\/uploads\/2015\/05\/QuantyaAkku13-624x351.jpg 624w, https:\/\/funenergy.at\/wp-content\/uploads\/2015\/05\/QuantyaAkku13-64x36.jpg 64w, https:\/\/funenergy.at\/wp-content\/uploads\/2015\/05\/QuantyaAkku13-267x150.jpg 267w, https:\/\/funenergy.at\/wp-content\/uploads\/2015\/05\/QuantyaAkku13-32x18.jpg 32w\" sizes=\"(max-width: 300px) 100vw, 300px\" \/><\/a><a href=\"http:\/\/funenergy.at\/wp-content\/uploads\/2015\/05\/QuantyaAkku_fertig.jpg\"><img loading=\"lazy\" class=\"alignnone size-medium wp-image-387\" src=\"http:\/\/funenergy.at\/wp-content\/uploads\/2015\/05\/QuantyaAkku_fertig-300x169.jpg\" alt=\"QuantyaAkku_fertig\" width=\"300\" height=\"169\" srcset=\"https:\/\/funenergy.at\/wp-content\/uploads\/2015\/05\/QuantyaAkku_fertig-300x169.jpg 300w, https:\/\/funenergy.at\/wp-content\/uploads\/2015\/05\/QuantyaAkku_fertig.jpg 1024w, https:\/\/funenergy.at\/wp-content\/uploads\/2015\/05\/QuantyaAkku_fertig-624x351.jpg 624w, https:\/\/funenergy.at\/wp-content\/uploads\/2015\/05\/QuantyaAkku_fertig-64x36.jpg 64w, https:\/\/funenergy.at\/wp-content\/uploads\/2015\/05\/QuantyaAkku_fertig-267x150.jpg 267w, https:\/\/funenergy.at\/wp-content\/uploads\/2015\/05\/QuantyaAkku_fertig-32x18.jpg 32w\" sizes=\"(max-width: 300px) 100vw, 300px\" \/><\/a><\/p>\n","protected":false},"excerpt":{"rendered":"<p>Neu ab Mai. 2015 Funenergy Akkuplatten sind\u00a0eine v\u00f6llig neue Art Hochleistungsakkus herzustellen. Die einzelnen Zellen werden dabei weder wie \u00fcblich geschwei\u00dft noch verl\u00f6tet. Die Hochstrom f\u00e4hige Verbindung erfolgt \u00fcber leichte und stabile Kunststoffplatten auf denen flexible Kupfer Gewebeb\u00e4nder mittel elastischen doppelseitiger Klebeb\u00e4nder plaziert werden. Durch die Verschraubung der Platten werden die Einzelzellen fest und niederohmig [&hellip;]<\/p>\n","protected":false},"author":1,"featured_media":0,"parent":0,"menu_order":0,"comment_status":"closed","ping_status":"open","template":"","meta":[],"yoast_head":"<!-- This site is optimized with the Yoast SEO plugin v17.1 - https:\/\/yoast.com\/wordpress\/plugins\/seo\/ -->\n<meta name=\"robots\" content=\"index, follow, max-snippet:-1, max-image-preview:large, max-video-preview:-1\" \/>\n<link rel=\"canonical\" href=\"https:\/\/funenergy.at\/?page_id=352\" \/>\n<meta property=\"og:locale\" content=\"de_DE\" \/>\n<meta property=\"og:type\" content=\"article\" \/>\n<meta property=\"og:title\" content=\"Akkuplatten - FunEnergy Innovations\" \/>\n<meta property=\"og:description\" content=\"Neu ab Mai. 2015 Funenergy Akkuplatten sind\u00a0eine v\u00f6llig neue Art Hochleistungsakkus herzustellen. Die einzelnen Zellen werden dabei weder wie \u00fcblich geschwei\u00dft noch verl\u00f6tet. Die Hochstrom f\u00e4hige Verbindung erfolgt \u00fcber leichte und stabile Kunststoffplatten auf denen flexible Kupfer Gewebeb\u00e4nder mittel elastischen doppelseitiger Klebeb\u00e4nder plaziert werden. Durch die Verschraubung der Platten werden die Einzelzellen fest und niederohmig [&hellip;]\" \/>\n<meta property=\"og:url\" content=\"https:\/\/funenergy.at\/?page_id=352\" \/>\n<meta property=\"og:site_name\" content=\"FunEnergy Innovations\" \/>\n<meta property=\"article:modified_time\" content=\"2015-05-27T11:57:55+00:00\" \/>\n<meta property=\"og:image\" content=\"http:\/\/funenergy.at\/wp-content\/uploads\/2015\/05\/QuantyaAkku07-300x169.jpg\" \/>\n<meta name=\"twitter:card\" content=\"summary_large_image\" \/>\n<meta name=\"twitter:label1\" content=\"Gesch\u00e4tzte Lesezeit\" \/>\n\t<meta name=\"twitter:data1\" content=\"1\u00a0Minute\" \/>\n<script type=\"application\/ld+json\" class=\"yoast-schema-graph\">{\"@context\":\"https:\/\/schema.org\",\"@graph\":[{\"@type\":\"WebSite\",\"@id\":\"https:\/\/funenergy.at\/#website\",\"url\":\"https:\/\/funenergy.at\/\",\"name\":\"FunEnergy Innovations\",\"description\":\"\",\"potentialAction\":[{\"@type\":\"SearchAction\",\"target\":{\"@type\":\"EntryPoint\",\"urlTemplate\":\"https:\/\/funenergy.at\/?s={search_term_string}\"},\"query-input\":\"required name=search_term_string\"}],\"inLanguage\":\"de\"},{\"@type\":\"ImageObject\",\"@id\":\"https:\/\/funenergy.at\/?page_id=352#primaryimage\",\"inLanguage\":\"de\",\"url\":\"http:\/\/funenergy.at\/wp-content\/uploads\/2015\/05\/QuantyaAkku07-300x169.jpg\",\"contentUrl\":\"http:\/\/funenergy.at\/wp-content\/uploads\/2015\/05\/QuantyaAkku07-300x169.jpg\"},{\"@type\":\"WebPage\",\"@id\":\"https:\/\/funenergy.at\/?page_id=352#webpage\",\"url\":\"https:\/\/funenergy.at\/?page_id=352\",\"name\":\"Akkuplatten - FunEnergy Innovations\",\"isPartOf\":{\"@id\":\"https:\/\/funenergy.at\/#website\"},\"primaryImageOfPage\":{\"@id\":\"https:\/\/funenergy.at\/?page_id=352#primaryimage\"},\"datePublished\":\"2015-05-27T11:25:36+00:00\",\"dateModified\":\"2015-05-27T11:57:55+00:00\",\"breadcrumb\":{\"@id\":\"https:\/\/funenergy.at\/?page_id=352#breadcrumb\"},\"inLanguage\":\"de\",\"potentialAction\":[{\"@type\":\"ReadAction\",\"target\":[\"https:\/\/funenergy.at\/?page_id=352\"]}]},{\"@type\":\"BreadcrumbList\",\"@id\":\"https:\/\/funenergy.at\/?page_id=352#breadcrumb\",\"itemListElement\":[{\"@type\":\"ListItem\",\"position\":1,\"name\":\"Startseite\",\"item\":\"https:\/\/funenergy.at\/\"},{\"@type\":\"ListItem\",\"position\":2,\"name\":\"Akkuplatten\"}]}]}<\/script>\n<!-- \/ Yoast SEO plugin. -->","yoast_head_json":{"robots":{"index":"index","follow":"follow","max-snippet":"max-snippet:-1","max-image-preview":"max-image-preview:large","max-video-preview":"max-video-preview:-1"},"canonical":"https:\/\/funenergy.at\/?page_id=352","og_locale":"de_DE","og_type":"article","og_title":"Akkuplatten - FunEnergy Innovations","og_description":"Neu ab Mai. 2015 Funenergy Akkuplatten sind\u00a0eine v\u00f6llig neue Art Hochleistungsakkus herzustellen. Die einzelnen Zellen werden dabei weder wie \u00fcblich geschwei\u00dft noch verl\u00f6tet. Die Hochstrom f\u00e4hige Verbindung erfolgt \u00fcber leichte und stabile Kunststoffplatten auf denen flexible Kupfer Gewebeb\u00e4nder mittel elastischen doppelseitiger Klebeb\u00e4nder plaziert werden. Durch die Verschraubung der Platten werden die Einzelzellen fest und niederohmig [&hellip;]","og_url":"https:\/\/funenergy.at\/?page_id=352","og_site_name":"FunEnergy Innovations","article_modified_time":"2015-05-27T11:57:55+00:00","og_image":[{"url":"http:\/\/funenergy.at\/wp-content\/uploads\/2015\/05\/QuantyaAkku07-300x169.jpg"}],"twitter_card":"summary_large_image","twitter_misc":{"Gesch\u00e4tzte Lesezeit":"1\u00a0Minute"},"schema":{"@context":"https:\/\/schema.org","@graph":[{"@type":"WebSite","@id":"https:\/\/funenergy.at\/#website","url":"https:\/\/funenergy.at\/","name":"FunEnergy Innovations","description":"","potentialAction":[{"@type":"SearchAction","target":{"@type":"EntryPoint","urlTemplate":"https:\/\/funenergy.at\/?s={search_term_string}"},"query-input":"required name=search_term_string"}],"inLanguage":"de"},{"@type":"ImageObject","@id":"https:\/\/funenergy.at\/?page_id=352#primaryimage","inLanguage":"de","url":"http:\/\/funenergy.at\/wp-content\/uploads\/2015\/05\/QuantyaAkku07-300x169.jpg","contentUrl":"http:\/\/funenergy.at\/wp-content\/uploads\/2015\/05\/QuantyaAkku07-300x169.jpg"},{"@type":"WebPage","@id":"https:\/\/funenergy.at\/?page_id=352#webpage","url":"https:\/\/funenergy.at\/?page_id=352","name":"Akkuplatten - FunEnergy Innovations","isPartOf":{"@id":"https:\/\/funenergy.at\/#website"},"primaryImageOfPage":{"@id":"https:\/\/funenergy.at\/?page_id=352#primaryimage"},"datePublished":"2015-05-27T11:25:36+00:00","dateModified":"2015-05-27T11:57:55+00:00","breadcrumb":{"@id":"https:\/\/funenergy.at\/?page_id=352#breadcrumb"},"inLanguage":"de","potentialAction":[{"@type":"ReadAction","target":["https:\/\/funenergy.at\/?page_id=352"]}]},{"@type":"BreadcrumbList","@id":"https:\/\/funenergy.at\/?page_id=352#breadcrumb","itemListElement":[{"@type":"ListItem","position":1,"name":"Startseite","item":"https:\/\/funenergy.at\/"},{"@type":"ListItem","position":2,"name":"Akkuplatten"}]}]}},"_links":{"self":[{"href":"https:\/\/funenergy.at\/index.php?rest_route=\/wp\/v2\/pages\/352"}],"collection":[{"href":"https:\/\/funenergy.at\/index.php?rest_route=\/wp\/v2\/pages"}],"about":[{"href":"https:\/\/funenergy.at\/index.php?rest_route=\/wp\/v2\/types\/page"}],"author":[{"embeddable":true,"href":"https:\/\/funenergy.at\/index.php?rest_route=\/wp\/v2\/users\/1"}],"replies":[{"embeddable":true,"href":"https:\/\/funenergy.at\/index.php?rest_route=%2Fwp%2Fv2%2Fcomments&post=352"}],"version-history":[{"count":19,"href":"https:\/\/funenergy.at\/index.php?rest_route=\/wp\/v2\/pages\/352\/revisions"}],"predecessor-version":[{"id":395,"href":"https:\/\/funenergy.at\/index.php?rest_route=\/wp\/v2\/pages\/352\/revisions\/395"}],"wp:attachment":[{"href":"https:\/\/funenergy.at\/index.php?rest_route=%2Fwp%2Fv2%2Fmedia&parent=352"}],"curies":[{"name":"wp","href":"https:\/\/api.w.org\/{rel}","templated":true}]}}