{"id":655,"date":"2019-12-19T16:41:21","date_gmt":"2019-12-19T14:41:21","guid":{"rendered":"https:\/\/funenergy.at\/?post_type=product&#038;p=655"},"modified":"2019-12-19T16:53:57","modified_gmt":"2019-12-19T14:53:57","slug":"akkubausatz-ohne-zellen-fuer-oset-16-zoll-36-volt-kindertrialbike","status":"publish","type":"product","link":"https:\/\/funenergy.at\/?product=akkubausatz-ohne-zellen-fuer-oset-16-zoll-36-volt-kindertrialbike","title":{"rendered":"Akkubausatz (ohne Zellen) f\u00fcr Oset 16 Zoll 36 Volt Kindertrialbike"},"content":{"rendered":"<p>Nach mehreren Erfolgreichen Akku-Bauten f\u00fcr Oset-Bikes, haben wir uns dazu entschlossen diese nun als Baus\u00e4tze zu verkaufen. Damit k\u00f6nnen Sie sich selbst einen \u00dcberblick \u00fcber Ihren Akku verschaffen und nat\u00fcrlich auch Geld sparen.<\/p>\n<p>Geboten wird: (alles ben\u00f6tigte Ausgenommen der Zellen)<br \/>\n-Zellgitter inkl. Endplatten<br \/>\n-Distanzh\u00fclsen<br \/>\n-eine Sicherung<br \/>\n-die ben\u00f6tigten Leiterbahnen<br \/>\n-doppelseitiges Klebeband<br \/>\n-Schablonen f\u00fcr die korrekte Beklebung der Endplatten<br \/>\n-Endanschl\u00fcsse<br \/>\n-die Klemmschrauben und Klemmh\u00fclsen<br \/>\n-Adapter um den Akku direkt beim Oset-Bike anzuschlie\u00dfen (davon wird eher abgeraten, aufgrund der Fertigungstoleranz dieser Anschl\u00fcsse vom Bike, kann es zu Wackelkontakten und somit einem h\u00f6heren Widerstand kommen.)<\/p>\n<p><a href=\"https:\/\/funenergy.at\/wp-content\/uploads\/2019\/12\/Bausatz-O16-ohne-Zellen.png\"><img loading=\"lazy\" class=\"alignnone wp-image-657 size-full\" src=\"https:\/\/funenergy.at\/wp-content\/uploads\/2019\/12\/Bausatz-O16-ohne-Zellen.png\" alt=\"\" width=\"1280\" height=\"720\" srcset=\"https:\/\/funenergy.at\/wp-content\/uploads\/2019\/12\/Bausatz-O16-ohne-Zellen.png 1280w, https:\/\/funenergy.at\/wp-content\/uploads\/2019\/12\/Bausatz-O16-ohne-Zellen-300x169.png 300w, https:\/\/funenergy.at\/wp-content\/uploads\/2019\/12\/Bausatz-O16-ohne-Zellen-1024x576.png 1024w, https:\/\/funenergy.at\/wp-content\/uploads\/2019\/12\/Bausatz-O16-ohne-Zellen-768x432.png 768w, https:\/\/funenergy.at\/wp-content\/uploads\/2019\/12\/Bausatz-O16-ohne-Zellen-624x351.png 624w\" sizes=\"(max-width: 1280px) 100vw, 1280px\" \/><\/a><\/p>\n<p>&nbsp;<\/p>\n<p>Zu Beachten gilt: Da Sie nat\u00fcrlich freie Zellenwahl haben, kann der maximale Strom von den empfohlenen 40A abweichen, dadurch kann die Sicherung bzw. die Nickelb\u00e4nder durchbrennen und somit einen Kontaktabbruch verursachen.<\/p>\n<p>Auch eine Grundlegende Videoanleitung wird Ihnen von uns zur Verf\u00fcgung gestellt:<\/p>\n<p><iframe loading=\"lazy\" title=\"Zusammenbauanleitung Oset 36Volt - FunEnergy Innovations\" width=\"625\" height=\"352\" src=\"https:\/\/www.youtube.com\/embed\/H5dnDbYTZjc?start=26&#038;feature=oembed\" frameborder=\"0\" allow=\"accelerometer; autoplay; encrypted-media; gyroscope; picture-in-picture\" allowfullscreen><\/iframe><\/p>\n<p>&nbsp;<\/p>\n<p>Weitere Infos zu diesem Produkt finden Sie unter:<\/p>\n<blockquote class=\"wp-embedded-content\" data-secret=\"kv6FVXIomP\"><p><a href=\"https:\/\/funenergy.at\/?page_id=536\">FunEnergy Baus\u00e4tze<\/a><\/p><\/blockquote>\n<p><iframe title=\"&#8222;FunEnergy Baus\u00e4tze&#8220; &#8212; funenergy innovations\" class=\"wp-embedded-content\" sandbox=\"allow-scripts\" security=\"restricted\" style=\"position: absolute; clip: rect(1px, 1px, 1px, 1px);\" src=\"https:\/\/funenergy.at\/?page_id=536&#038;embed=true#?secret=kv6FVXIomP\" data-secret=\"kv6FVXIomP\" width=\"600\" height=\"338\" frameborder=\"0\" marginwidth=\"0\" marginheight=\"0\" scrolling=\"no\"><\/iframe><\/p>\n","protected":false},"excerpt":{"rendered":"<p>Nach mehreren Erfolgreichen Akku-Bauten f\u00fcr Oset-Bikes, haben wir uns dazu entschlossen diese nun als Baus\u00e4tze zu verkaufen. Damit k\u00f6nnen Sie sich selbst einen \u00dcberblick \u00fcber Ihren Akku verschaffen und nat\u00fcrlich auch Geld sparen. Geboten wird: (alles ben\u00f6tigte Ausgenommen der Zellen) -Zellgitter inkl. Endplatten -Distanzh\u00fclsen -eine Sicherung -die ben\u00f6tigten Leiterbahnen -doppelseitiges Klebeband -Schablonen f\u00fcr die korrekte [&hellip;]<\/p>\n","protected":false},"featured_media":657,"comment_status":"closed","ping_status":"closed","template":"","meta":[],"yoast_head":"<!-- This site is optimized with the Yoast SEO plugin v17.1 - https:\/\/yoast.com\/wordpress\/plugins\/seo\/ -->\n<meta name=\"robots\" content=\"index, follow, max-snippet:-1, max-image-preview:large, max-video-preview:-1\" \/>\n<link rel=\"canonical\" href=\"https:\/\/funenergy.at\/?product=akkubausatz-ohne-zellen-fuer-oset-16-zoll-36-volt-kindertrialbike\" \/>\n<meta property=\"og:locale\" content=\"de_DE\" \/>\n<meta property=\"og:type\" content=\"article\" \/>\n<meta property=\"og:title\" content=\"Akkubausatz (ohne Zellen) f\u00fcr Oset 16 Zoll 36 Volt Kindertrialbike - FunEnergy Innovations\" \/>\n<meta property=\"og:description\" content=\"Nach mehreren Erfolgreichen Akku-Bauten f\u00fcr Oset-Bikes, haben wir uns dazu entschlossen diese nun als Baus\u00e4tze zu verkaufen. Damit k\u00f6nnen Sie sich selbst einen \u00dcberblick \u00fcber Ihren Akku verschaffen und nat\u00fcrlich auch Geld sparen. Geboten wird: (alles ben\u00f6tigte Ausgenommen der Zellen) -Zellgitter inkl. Endplatten -Distanzh\u00fclsen -eine Sicherung -die ben\u00f6tigten Leiterbahnen -doppelseitiges Klebeband -Schablonen f\u00fcr die korrekte [&hellip;]\" \/>\n<meta property=\"og:url\" content=\"https:\/\/funenergy.at\/?product=akkubausatz-ohne-zellen-fuer-oset-16-zoll-36-volt-kindertrialbike\" \/>\n<meta property=\"og:site_name\" content=\"FunEnergy Innovations\" \/>\n<meta property=\"article:modified_time\" content=\"2019-12-19T14:53:57+00:00\" \/>\n<meta property=\"og:image\" content=\"https:\/\/funenergy.at\/wp-content\/uploads\/2019\/12\/Bausatz-O16-ohne-Zellen.png\" \/>\n\t<meta property=\"og:image:width\" content=\"1280\" \/>\n\t<meta property=\"og:image:height\" content=\"720\" \/>\n<meta name=\"twitter:card\" content=\"summary_large_image\" \/>\n<meta name=\"twitter:label1\" content=\"Gesch\u00e4tzte Lesezeit\" \/>\n\t<meta name=\"twitter:data1\" content=\"1\u00a0Minute\" \/>\n<script type=\"application\/ld+json\" class=\"yoast-schema-graph\">{\"@context\":\"https:\/\/schema.org\",\"@graph\":[{\"@type\":\"WebSite\",\"@id\":\"https:\/\/funenergy.at\/#website\",\"url\":\"https:\/\/funenergy.at\/\",\"name\":\"FunEnergy Innovations\",\"description\":\"\",\"potentialAction\":[{\"@type\":\"SearchAction\",\"target\":{\"@type\":\"EntryPoint\",\"urlTemplate\":\"https:\/\/funenergy.at\/?s={search_term_string}\"},\"query-input\":\"required name=search_term_string\"}],\"inLanguage\":\"de\"},{\"@type\":\"ImageObject\",\"@id\":\"https:\/\/funenergy.at\/?product=akkubausatz-ohne-zellen-fuer-oset-16-zoll-36-volt-kindertrialbike#primaryimage\",\"inLanguage\":\"de\",\"url\":\"https:\/\/funenergy.at\/wp-content\/uploads\/2019\/12\/Bausatz-O16-ohne-Zellen.png\",\"contentUrl\":\"https:\/\/funenergy.at\/wp-content\/uploads\/2019\/12\/Bausatz-O16-ohne-Zellen.png\",\"width\":1280,\"height\":720},{\"@type\":\"WebPage\",\"@id\":\"https:\/\/funenergy.at\/?product=akkubausatz-ohne-zellen-fuer-oset-16-zoll-36-volt-kindertrialbike#webpage\",\"url\":\"https:\/\/funenergy.at\/?product=akkubausatz-ohne-zellen-fuer-oset-16-zoll-36-volt-kindertrialbike\",\"name\":\"Akkubausatz (ohne Zellen) f\\u00fcr Oset 16 Zoll 36 Volt Kindertrialbike - FunEnergy Innovations\",\"isPartOf\":{\"@id\":\"https:\/\/funenergy.at\/#website\"},\"primaryImageOfPage\":{\"@id\":\"https:\/\/funenergy.at\/?product=akkubausatz-ohne-zellen-fuer-oset-16-zoll-36-volt-kindertrialbike#primaryimage\"},\"datePublished\":\"2019-12-19T14:41:21+00:00\",\"dateModified\":\"2019-12-19T14:53:57+00:00\",\"breadcrumb\":{\"@id\":\"https:\/\/funenergy.at\/?product=akkubausatz-ohne-zellen-fuer-oset-16-zoll-36-volt-kindertrialbike#breadcrumb\"},\"inLanguage\":\"de\",\"potentialAction\":[{\"@type\":\"ReadAction\",\"target\":[\"https:\/\/funenergy.at\/?product=akkubausatz-ohne-zellen-fuer-oset-16-zoll-36-volt-kindertrialbike\"]}]},{\"@type\":\"BreadcrumbList\",\"@id\":\"https:\/\/funenergy.at\/?product=akkubausatz-ohne-zellen-fuer-oset-16-zoll-36-volt-kindertrialbike#breadcrumb\",\"itemListElement\":[{\"@type\":\"ListItem\",\"position\":1,\"name\":\"Startseite\",\"item\":\"https:\/\/funenergy.at\/\"},{\"@type\":\"ListItem\",\"position\":2,\"name\":\"Shop\",\"item\":\"https:\/\/funenergy.at\/?page_id=185\"},{\"@type\":\"ListItem\",\"position\":3,\"name\":\"Akkubausatz (ohne Zellen) f\\u00fcr Oset 16 Zoll 36 Volt Kindertrialbike\"}]}]}<\/script>\n<!-- \/ Yoast SEO plugin. -->","yoast_head_json":{"robots":{"index":"index","follow":"follow","max-snippet":"max-snippet:-1","max-image-preview":"max-image-preview:large","max-video-preview":"max-video-preview:-1"},"canonical":"https:\/\/funenergy.at\/?product=akkubausatz-ohne-zellen-fuer-oset-16-zoll-36-volt-kindertrialbike","og_locale":"de_DE","og_type":"article","og_title":"Akkubausatz (ohne Zellen) f\u00fcr Oset 16 Zoll 36 Volt Kindertrialbike - FunEnergy Innovations","og_description":"Nach mehreren Erfolgreichen Akku-Bauten f\u00fcr Oset-Bikes, haben wir uns dazu entschlossen diese nun als Baus\u00e4tze zu verkaufen. Damit k\u00f6nnen Sie sich selbst einen \u00dcberblick \u00fcber Ihren Akku verschaffen und nat\u00fcrlich auch Geld sparen. Geboten wird: (alles ben\u00f6tigte Ausgenommen der Zellen) -Zellgitter inkl. Endplatten -Distanzh\u00fclsen -eine Sicherung -die ben\u00f6tigten Leiterbahnen -doppelseitiges Klebeband -Schablonen f\u00fcr die korrekte [&hellip;]","og_url":"https:\/\/funenergy.at\/?product=akkubausatz-ohne-zellen-fuer-oset-16-zoll-36-volt-kindertrialbike","og_site_name":"FunEnergy Innovations","article_modified_time":"2019-12-19T14:53:57+00:00","og_image":[{"width":1280,"height":720,"url":"https:\/\/funenergy.at\/wp-content\/uploads\/2019\/12\/Bausatz-O16-ohne-Zellen.png","path":"\/www\/htdocs\/w00c0ab1\/wp-content\/uploads\/2019\/12\/Bausatz-O16-ohne-Zellen.png","size":"full","id":657,"alt":"","pixels":921600,"type":"image\/png"}],"twitter_card":"summary_large_image","twitter_misc":{"Gesch\u00e4tzte Lesezeit":"1\u00a0Minute"},"schema":{"@context":"https:\/\/schema.org","@graph":[{"@type":"WebSite","@id":"https:\/\/funenergy.at\/#website","url":"https:\/\/funenergy.at\/","name":"FunEnergy Innovations","description":"","potentialAction":[{"@type":"SearchAction","target":{"@type":"EntryPoint","urlTemplate":"https:\/\/funenergy.at\/?s={search_term_string}"},"query-input":"required name=search_term_string"}],"inLanguage":"de"},{"@type":"ImageObject","@id":"https:\/\/funenergy.at\/?product=akkubausatz-ohne-zellen-fuer-oset-16-zoll-36-volt-kindertrialbike#primaryimage","inLanguage":"de","url":"https:\/\/funenergy.at\/wp-content\/uploads\/2019\/12\/Bausatz-O16-ohne-Zellen.png","contentUrl":"https:\/\/funenergy.at\/wp-content\/uploads\/2019\/12\/Bausatz-O16-ohne-Zellen.png","width":1280,"height":720},{"@type":"WebPage","@id":"https:\/\/funenergy.at\/?product=akkubausatz-ohne-zellen-fuer-oset-16-zoll-36-volt-kindertrialbike#webpage","url":"https:\/\/funenergy.at\/?product=akkubausatz-ohne-zellen-fuer-oset-16-zoll-36-volt-kindertrialbike","name":"Akkubausatz (ohne Zellen) f\u00fcr Oset 16 Zoll 36 Volt Kindertrialbike - FunEnergy Innovations","isPartOf":{"@id":"https:\/\/funenergy.at\/#website"},"primaryImageOfPage":{"@id":"https:\/\/funenergy.at\/?product=akkubausatz-ohne-zellen-fuer-oset-16-zoll-36-volt-kindertrialbike#primaryimage"},"datePublished":"2019-12-19T14:41:21+00:00","dateModified":"2019-12-19T14:53:57+00:00","breadcrumb":{"@id":"https:\/\/funenergy.at\/?product=akkubausatz-ohne-zellen-fuer-oset-16-zoll-36-volt-kindertrialbike#breadcrumb"},"inLanguage":"de","potentialAction":[{"@type":"ReadAction","target":["https:\/\/funenergy.at\/?product=akkubausatz-ohne-zellen-fuer-oset-16-zoll-36-volt-kindertrialbike"]}]},{"@type":"BreadcrumbList","@id":"https:\/\/funenergy.at\/?product=akkubausatz-ohne-zellen-fuer-oset-16-zoll-36-volt-kindertrialbike#breadcrumb","itemListElement":[{"@type":"ListItem","position":1,"name":"Startseite","item":"https:\/\/funenergy.at\/"},{"@type":"ListItem","position":2,"name":"Shop","item":"https:\/\/funenergy.at\/?page_id=185"},{"@type":"ListItem","position":3,"name":"Akkubausatz (ohne Zellen) f\u00fcr Oset 16 Zoll 36 Volt Kindertrialbike"}]}]}},"_links":{"self":[{"href":"https:\/\/funenergy.at\/index.php?rest_route=\/wp\/v2\/product\/655"}],"collection":[{"href":"https:\/\/funenergy.at\/index.php?rest_route=\/wp\/v2\/product"}],"about":[{"href":"https:\/\/funenergy.at\/index.php?rest_route=\/wp\/v2\/types\/product"}],"replies":[{"embeddable":true,"href":"https:\/\/funenergy.at\/index.php?rest_route=%2Fwp%2Fv2%2Fcomments&post=655"}],"wp:featuredmedia":[{"embeddable":true,"href":"https:\/\/funenergy.at\/index.php?rest_route=\/wp\/v2\/media\/657"}],"wp:attachment":[{"href":"https:\/\/funenergy.at\/index.php?rest_route=%2Fwp%2Fv2%2Fmedia&parent=655"}],"curies":[{"name":"wp","href":"https:\/\/api.w.org\/{rel}","templated":true}]}}